(w) = -4*f(w) - 7*r(w). What is a(2)?
-8
Let o(h) = 8*h - 6. Let k(c) = c - 1. Let x(q) = 10*k(q) - o(q). Calculate x(6).
8
Suppose -2*f - 3*f + 10 = -3*m, -m = 4*f + 9. Let a(h) = 7*h**2 - h - 1. Determine a(f).
7
Let p(w) = -w**3 + 4*w**2 + 2*w + 6. Let g(o) = 5*o**2 - 4*o - 4. Let n be g(-1). Give p(n).
-9
Let h = -98 - -102. Let l(u) = u - 5. Determine l(h).
-1
Let c(k) be the first derivative of -3/2*k**2 + k**3 + 2 + 3*k. Suppose -3 - 3 = -3*h. Calculate c(h).
9
Let s(i) be the first derivative of i**3/3 + i**2/2 - i - 2. Let h(r) = 2*r**2 + 8*r + 7. Let c be h(-3). Give s(c).
1
Let i(u) be the third derivative of -u**4/24 - u**3 - u**2 + 12*u. What is i(-5)?
-1
Let j(f) = f**2 + 3*f. Let l be j(-3). Suppose l = -4*s - 14 - 2. Let d be (s/(-1))/((-10)/(-5)). Let x(c) = -c**3 + c**2 - 4*c + 3. Determine x(d).
-9
Let q(o) = -o + 6. Let z be (5 + -9)*6/4. Determine q(z).
12
Let d be -3 + 6 - 4*2. Let g(t) = 5*t + 2*t + t**2 + 0*t**2 + 7. What is g(d)?
-3
Let j be (-7)/5 - 4/(-10). Let c be j*4/2*1. Let d(x) = 2*x + 4. Let v(l) = -1. Let k(a) = d(a) + 3*v(a). What is k(c)?
-3
Let p(d) be the third derivative of -d**4/24 - d**3/6 - 2*d**2. Let c be p(-1). Suppose c = -3*n + 5 - 2. Let f(j) = j. Calculate f(n).
1
Let b(r) = -3*r - r**3 + 5 - 57*r**2 + 118*r**2 - 67*r**2. Give b(-6).
23
Let u(t) = t**2 + t - 4. Let n be u(-5). Suppose -6*i + 4*b + n = -i, 3*b = -12. Suppose 3*w = -i*w - 12. Let y(h) = h**3 + 3*h**2 - 3*h + 1. Determine y(w).
-3
Let q be 44/8 - (-2)/(-4). Suppose -2*s - 3 = -2*c + 1, s = q*c - 2. Suppose 5*x + 33 - 13 = 0, -4*w - 4*x = c. Let g(m) = -m**2 + 6*m + 1. Give g(w).
9
Let x(a) be the third derivative of -a**6/120 + a**5/60 + a**4/12 - a**3/3 + a**2. Let p be x(2). Let c(l) = -2*l + 1. Give c(p).
5
Let o(q) be the third derivative of q**4/8 + 2*q**3 + 6*q**2. Let g(j) = 16*j + 60. Let b(i) = 2*g(i) - 11*o(i). Determine b(-5).
-7
Let q(z) = -z + 6. Let u(r) = 4*r - 25. Let w(t) = -9*q(t) - 2*u(t). Let j(c) = 5*c + 6 - 1 - 6*c. Let n(y) = -5*j(y) - 4*w(y). What is n(0)?
-9
Let l = 24 + -24. Let m(v) = -2*v + 1 + 2*v + v. Calculate m(l).
1
Let j = 1 - 3. Let f(y) = -7*y + y + 2*y + 1 - 3. Give f(j).
6
Let w be (-4)/3*(-15)/(-10). Let j(f) be the second derivative of 3/2*f**2 + 0 + f + 5/6*f**3. What is j(w)?
-7
Let s(c) = c**2 - 7*c - 5. Let z = 25 + -19. Give s(z).
-11
Let r(g) = -g**3 + 2*g**2 - 3*g + 3. Let o(q) = q - 7. Let j be o(-6). Let s = 33 + j. Let c be 4/(-10) - (-48)/s. Give r(c).
-3
Let b = 4 - 2. Suppose 0*z = -3*f - b*z + 14, -2*z = -4*f. Let l(x) = x**3 - x**2 - 4*x + 3. What is l(f)?
-1
Let c(t) = 3 - 4 - 8*t - 1 - 2. Let u(h) = 4*h + 2. Let w(b) = -6*c(b) - 11*u(b). Give w(-2).
-6
Let k(n) = -n**3 - n**2 - n + 1. Suppose 2*l + 4 = -2*l. Let p be -1 + 1 - (l + 1). What is k(p)?
1
Let c(l) = -l**3 - 6*l**2 + l + 7. Let r be c(-6). Let j(i) = 5*i - 1. Calculate j(r).
4
Let j(d) = -5*d**3 + 12*d + 1. Let c = -9 + 2. Let k(m) = -6*m**3 - m**2 + 13*m. Let p(w) = c*j(w) + 6*k(w). Let h = 9 - 14. Calculate p(h).
-2
Let s(o) = -o**3 - 7*o**2 - 6*o - 4. Let r(t) = t**2 - 10*t + 3. Let b be r(9). Calculate s(b).
-4
Let w(q) = -q**3 + 5*q**2 - q. Let g be w(5). Let j(l) = -7*l - 1. Let c(z) = -6*z - 2. Let f(h) = 5*c(h) - 4*j(h). Calculate f(g).
4
Let g(q) = 1 + 2*q + q - 2. Let a(l) = 4*l - 1. Let f(s) = 4*a(s) - 5*g(s). Give f(4).
5
Let v(m) = -m**2 + 5*m - 3. Let x be v(3). Let d(s) = -5*s**2 - 3*s - 9. Let c(l) = -2*l**2 - l - 3. Let f(t) = 8*c(t) - 3*d(t). Determine f(x).
-3
Let t(l) = -l**3 + 3*l**2 + 5*l. Suppose -5*x = -z + 4*z - 17, -18 = -5*x - 2*z. Determine t(x).
4
Let v(r) = 5*r + 2. Let a(y) = -6*y - 2. Let t(w) = -2*a(w) - 3*v(w). Let g = -9 - -7. Determine t(g).
4
Let b(y) = 3*y + 3. Let a be (2 - (1 + -4)) + 1. Let l be 22/(-6) - a/(-9). Give b(l).
-6
Let s = 15 + -11. Suppose -b - k - 9 = -5*b, 2*b + s*k = 18. Suppose -2*p - 6*c - 10 = -2*c, -b*c - 6 = 3*p. Let v(x) = -4*x - 1. Give v(p).
-5
Let a(r) = 7*r + 3. Let g = 30 - 32. Calculate a(g).
-11
Let h(z) = -z - 9. Let w be -2 + (-2 - (-6)/(-2)) - -2. Determine h(w).
-4
Let y(u) = -u**2 + 8*u. Let b be y(8). Let z be -3 + (b - 1) + 1. Let a(k) = k**2 + 2*k - 4. Calculate a(z).
-1
Let r(m) = -m**3 - 4*m**2 + 4*m + 5. Let i be 0 + 0 + 1 + -5. Give r(i).
-11
Suppose -4*u = -0*u, g - 3*u = 2. Suppose -g*w + 9 = a, -4*w + 0*w + 12 = 0. Let m(f) = 7*f - f - 4 + 0*f - a*f. Determine m(3).
5
Let b = 19/180 - 4/45. Let v(l) be the third derivative of 1/3*l**4 - 3*l**2 - 7/6*l**3 + 0*l + 0 - b*l**5. Give v(6).
5
Let z(y) = 6 + 241*y + 0 - 242*y. What is z(8)?
-2
Let z(k) = k**2 + 5*k - 4. Let d be (-12)/15 - 84/20. Determine z(d).
-4
Let p = -9 - -6. Let q(a) = -a - 1. Let d be q(p). Let k(x) = x. What is k(d)?
2
Let h(r) = r**3 + 8*r**2 + 5. Let d be h(-8). Let i(z) = z**3 - 6*z**2 + 8*z - 7. Give i(d).
8
Let s be (-3)/2*(-22)/(-3). Let b = s + 9. Let n(m) be the third derivative of -m**5/30 - m**4/12 + m**3/3 - m**2. What is n(b)?
-2
Let i be ((-1)/(-2))/((-6)/72). Let c(a) = a**3 + 6*a**2 - a. Give c(i).
6
Let p(o) = 2*o - 1. Let d be 0 + (4/(-2) - 2 - -1). Calculate p(d).
-7
Let b(t) = -t**2 + 7*t - 5. Suppose 0 = -2*n + 4*a + 26, -3*n + a = 3*a - 7. What is b(n)?
5
Let x = 1 - 0. Let o = 5 - 2. Let v(q) = 0*q**3 - q + 5*q**o - 4*q**3 + 2*q**2. Give v(x).
2
Let c(g) be the first derivative of 1/3*g**3 - 1/2*g**2 + 0*g + 1. Determine c(1).
0
Let d(u) = u + 2. Suppose -1 = b - 0*b. Determine d(b).
1
Let w be (8/(-14))/(2/(-7)). Let i(c) = 5*c**2 - 3*c**w - 5*c + c. Calculate i(3).
6
Let v(a) = -17*a + 23. Let d(z) = 12*z - 15. Let k(t) = -7*d(t) - 5*v(t). What is k(7)?
-3
Let t be (2/(-1) - -3)*0. Let q = 4 + -10. Let l(r) = 7*r**3 - 6*r + 3. Let m(x) = 20*x**3 - 17*x + 9. Let k(g) = q*m(g) + 17*l(g). Calculate k(t).
-3
Let u(n) = -n**2 - 4*n + 3. Let r be u(-3). Suppose -8 = 4*v - r*v. Let t(p) = -2*p**3 + 2 + p**3 - v. Give t(-2).
6
Let j(b) = 3*b - 2 - 6 - 1 + 11. Calculate j(-4).
-10
Suppose -3 + 1 = c - 2*s, 0 = -5*s - 10. Let y(l) = 2*l + 7 - 3*l + 2*l. What is y(c)?
1
Let r(q) = -2*q + 1. Let m(u) = u - 3. Let c(o) = -m(o) + r(o). Suppose 10 = 3*n + 1. Give c(n).
-5
Let k(x) = 2*x**2 + x. Suppose r + 3*r - 4*g - 20 = 0, r - 2*g = 9. What is k(r)?
3
Let s = 1 - -4. Let l = s - -3. Suppose -l = 5*t + 2. Let u(a) = a**2 - 3*a - 3. Give u(t).
7
Let b be 14/(-7) + (-1 - -3) + 3. Let u(i) = i**3 - i**2 - 2*i - 4. What is u(b)?
8
Let u(f) = f - 12. Let i be 11 + 0/(-1) - (1 - 0). What is u(i)?
-2
Suppose 5*n = 2 + 18. Let l be 35/10 + (-3)/2. Let i(p) = p**2 + 0 + l + 0*p - 4*p + 0*p. Calculate i(n).
2
Let t be -1 - ((3 - 1) + 0). Let i be 3/((-3)/2)*t. Let v(g) = i*g - 3*g + 8 - 3*g - g. Determine v(5).
3
Suppose -5*s = -20, 3*f + 10 - 59 = -4*s. Let h = -16 + f. Let n(m) be the third derivative of m**5/60 + m**4/8 - m**3 + m**2. What is n(h)?
4
Suppose -o = 5*l - 1 - 21, 3*o = -2*l + 1. Let r be 54/24 - 1/4. Let n(c) = 4*c + l + 0*c**r - 3*c**2 - c**3 + 0*c**3. Calculate n(-4).
5
Let d(z) = z**3 + 4*z**2 - 5*z + 2. Let l be d(-5). Let x(w) be the third derivative of -2*w**l + 0*w**3 + 0*w - 1/24*w**4 + 0. What is x(-2)?
2
Let c(x) = -x. Let m be c(-5). Let g be (-1)/2 - m/(-2). Let s(a) = 2*a + 7 + a + a**3 + 4*a**g - 3. What is s(-3)?
4
Let o = -3 + 2. Let n(d) = -9*d**2 + d**2 + 0*d + 2*d - 3*d. Determine n(o).
-7
Let b(g) = -g**3 + 5*g**2 - g + 1. Let f be b(3). Let v(k) = -f + 7*k + k**2 + 19 + 0*k**2. Determine v(-5).
-7
Let s(l) = -2*l**2 + 9*l**2 - 14*l**3 + 8*l**2 - 7*l + l**3. Let n(b) = 3*b**3 - 4*b**2 + 2*b. Let a(y) = 9*n(y) + 2*s(y). Determine a(5).
-5
Let b be (-8)/(-1) + 1 + -2. Let r = 10 - b. Let j(y) = 3 - 2*y**3 - y**3 + r*y**2 + y + 2*y**3. What is j(4)?
-9
Let k(f) be the third derivative of -f**2 + 0*f + 1/60*f**5 + 1/12*f**4 - 2/3*f**3 + 0. Calculate k(-3).
-1
Let s(q) = 4*q + 5. Let g(b) = 5*b + 6. Let f(z) = -2*g(z) + 3*s(z). Determine f(-6).
-9
Let f(v) = 2*v + 29 - v - 34. Suppose 0 = d - 4*u - 24, 2*u + 4 = -2*d + 2. Let t(o) = o - 4. Let j(q) = d*f(q) - 5*t(q). Calculate j(5).
-5
Suppose -d - 29 - 3 = -5*a, 2*a = -2*d + 8. Let x(l) = l**2 - 7*l - 4. Give x(a).
-10
Let h(p) = -5*p - 1. Let w(o) = o**3 + 7*o**2 + 8*o + 7. Let q be w(-6). Let c = -7 - q. Let b = c + 1. Give h(b).
4
Let w = -1 - -5. Suppose i + w*i + 5 = 0